alse
Is 5 - 4 - (-632 - (0 + 2)) prime?
False
Let f = -1069 + 2068. Suppose 8838 = 9*t + f. Is t a prime number?
False
Suppose 0 = -u - 3*o + 3413, 19*o + 16997 = 5*u + 17*o. Is u a composite number?
True
Suppose 36*c - 26565 - 61599 = 0. Is c a prime number?
False
Let m = -77 - -80. Is 2157 - ((-1)/m)/((-15)/90) a composite number?
True
Suppose -303 = -6*i + 15. Suppose -5*u = -0*u + 80. Let f = i + u. Is f a prime number?
True
Let q = -2234 - -8130. Suppose 4 = d, -q - 1614 = -p + 5*d. Is 4/6 - p/(-18) composite?
False
Let n(p) = 236*p**2 - 21*p + 17. Is n(-4) prime?
True
Let k(s) = -7*s**3 + 3*s**2 - 2*s - 2. Let u be k(2). Let y = u + 497. Is y prime?
False
Let x(v) = -195*v**2 - 2*v - 1. Let s be x(-1). Let k = 496 + s. Let d = k + -3. Is d a composite number?
True
Let m(s) = s**2 - 2*s - 131. Let i be m(0). Let o = i - -368. Is o a prime number?
False
Suppose -m = -5*r - 27, 0*m + 15 = -2*r - m. Suppose 4 = 5*g + 4*b, 0*g = 4*g - 2*b - 24. Is g*3/r + 267 prime?
False
Let p(l) = -l**3 + 5*l**2 + 33*l + 47. Is p(-12) a prime number?
True
Suppose 0 = -26*h + 22*h + 11588. Is h composite?
False
Let z(o) = 5*o + 5*o - o**3 + 5 - 12*o**2 + 2*o. Let d be z(-13). Suppose 8 = a - d. Is a prime?
False
Let k be 2/(-9) - (-1834)/(-9). Let z = k - -317. Is z prime?
True
Let t(c) = 3852*c**2 - c - 8. Is t(2) composite?
True
Let u(g) = 3*g**2 - 8*g - 6. Let i(z) = -5*z**2 + 15*z + 11. Let m(s) = 4*i(s) + 7*u(s). Let w be m(-3). Is (181 + -4)*w*-1 composite?
True
Is (4413/(-4))/(10/(-40)) prime?
False
Let d(v) = -2*v + 29. Let s be d(12). Suppose -x + 3992 = s*u, 3*x - u - 7929 = x. Is x composite?
False
Let r(t) = 0*t**3 + 3 + 2*t**3 - 6*t - t**2 - t**2 - t**3. Let d be r(5). Let o = d - 14. Is o a prime number?
False
Let l be (10/4)/((-4)/(-8)). Suppose -3*s = -3*h + 2727, 3*s = 3*h + 2*s - 2719. Suppose 4*j = l*d - h, -3*d - 2*j + 575 = 2*j. Is d a composite number?
True
Let q(m) = -7*m + 1. Let z be q(-4). Let r = z + -26. Suppose 0 = r*d + 6, 4*d - 580 = -2*t + 3*d. Is t prime?
False
Suppose -3*p = -3*r + 402, 0 = 3*r - 2*p - 301 - 101. Is r a composite number?
True
Suppose -4*i + 6*z + 934 = 3*z, 6 = 3*z. Suppose 2*s = 195 + 69. Let w = i + s. Is w a composite number?
False
Let k = -13568 - -30239. Is k prime?
False
Suppose -4*r - 2115 = -h, -7*r + 2*r = 4*h - 8376. Is h a composite number?
False
Let y(o) = -3*o - 4. Let m be y(-2). Suppose 0 = 2*i - 5*n + 268, m*i + 4*n + 236 = n. Let b = -62 - i. Is b a composite number?
True
Let k(f) = f**2 + 8*f + 26. Let n(w) = 2*w + 22. Let q be n(-8). Let c be (-3)/((-20)/q + 3). Is k(c) a prime number?
True
Suppose -43 = -4*z + 33. Let b(r) = 10*r - 11. Is b(z) a prime number?
True
Suppose 0 = -2*c - 3*x + 19333, -2843 = 3*c + 3*x - 31841. Is c a composite number?
True
Let b = -42 + 43. Is (b - 1)/(-1) + 194 a prime number?
False
Let h(l) be the second derivative of -203*l**3/6 + l**2 - 77*l. Suppose 0 = p + p + 2. Is h(p) a composite number?
True
Let y(g) = g**3 + 17*g**2 - 17*g + 22. Let j be y(-18). Is (-2 + 442)/j*3/6 a composite number?
True
Suppose 0*x - 5 = -x. Suppose 4*m = -5*l + 4684 - 601, x*l - 1032 = -m. Suppose -4*b + m = -b. Is b prime?
False
Suppose -6*y + 6595 = 5*h - y, 5*h + 2*y = 6589. Let l = -832 + h. Is l a composite number?
True
Suppose 5 = t + 2. Suppose -3334 = -2*b + 4*h - h, 0 = -t*h + 12. Is b prime?
False
Let w(o) = 39*o**3 + 18*o**2 + 2*o. Let g be w(5). Let a = 13196 - g. Is a composite?
True
Suppose 579*n = 591*n - 42756. Is n a prime number?
False
Let o(u) = 75*u - 4. Let k be o(-2). Let q = k + 9. Let g = 356 + q. Is g composite?
False
Suppose 0*g = 5*g - 1095. Let n = -148 + g. Is n prime?
True
Suppose 4*f + 2*h + 8 = 6*h, h + 4 = 4*f. Suppose -162 = f*z - 776. Is z prime?
True
Suppose u = -8*r + 3*r + 109, -5 = 5*u. Suppose -5*q = -6*q + r. Is q a prime number?
False
Let p = -8018 - -12129. Is p prime?
True
Let f = 36 + -31. Is 1647/f - 0 - 8/20 a prime number?
False
Let o(a) be the first derivative of 20/3*a**3 + 2*a - 3/2*a**2 + 3. Is o(-3) a prime number?
True
Let v(x) = 18*x - 7. Let s be 4/((-12)/(-15)) + 2. Is v(s) a composite number?
True
Suppose 2 + 10 = -4*m, -4*m - 14 = 2*h. Let v(z) = 198*z**3 + 5*z. Let p(f) = -395*f**3 - 9*f. Let g(b) = 6*p(b) + 11*v(b). Is g(h) composite?
False
Suppose 4*m - 2704 = -4*z, -2931 = -5*z + 3*m + 425. Is z a prime number?
True
Let d(f) = 10*f**2 + 4*f - 3*f - 3*f + 5. Let q be d(4). Suppose 295 + q = 4*h. Is h prime?
True
Let s(c) = 2*c**3 - 20*c**2 + 6*c - 29. Is s(14) prime?
False
Let v = 1139 - 4. Is v a prime number?
False
Let z(t) = -12 + 13*t**2 - 5*t - t**3 + 3*t**2 - 5. Suppose 2*l + 30 = 4*l. Is z(l) composite?
True
Let o(f) = -2*f - 2. Let a be o(2). Let v(g) = -144*g - 4. Let x be v(a). Suppose -16*b = -12*b - x. Is b a prime number?
False
Let y be -4 - (0/2 + -5 + -2). Suppose -y*k + 5*x = -628, -5*k + x = 4*x - 1058. Is k a prime number?
True
Let x = -11 - -20. Let d = x + -7. Is 1/1*322/d prime?
False
Suppose -968 - 880 = q. Let a = -78 - q. Let y = -973 + a. Is y a composite number?
False
Let v(h) = -29*h - 18. Let r be v(-9). Suppose -w + r = -2*g - g, w - 247 = g. Is w a composite number?
True
Let f be (-70)/22 - (-2)/11. Is (-561)/(-6) + f/6 a composite number?
True
Let a(f) = -f**3 - 6*f**2 - 7*f - 4. Let t be a(-5). Suppose 0*q + 4*z = 5*q + t, q + 18 = 5*z. Suppose -5 = -m + 2*d + 16, 3*d = -q*m + 7. Is m composite?
False
Suppose -6*f + 2529 = -4983. Let u = f - 785. Is u prime?
True
Let y be (-6)/((-36)/(-154))*-120. Let i = y - 925. Is i a composite number?
True
Let d = 3 + 2. Suppose 4*m + l + 13 = 4*l, -m - l - d = 0. Is 94 - (-3 + (-8)/m) a composite number?
True
Let d be 1667/(-2)*2/(-1). Let z = d + 792. Is z a composite number?
False
Let i be (-3)/(-2)*870*1. Let d = 2348 - i. Is d composite?
True
Let a(f) = -98*f**3 + 8*f**2 + 11*f - 7. Is a(-4) composite?
True
Let d = 5654 - 1453. Is d composite?
False
Let v(u) = 907*u**2 - 50. Is v(6) a prime number?
False
Let w be (-8652)/20 - (-4)/(-10). Let a = 1240 - w. Is a prime?
False
Suppose -5*l + l = -3*m + 4718, -m + 4*l + 1570 = 0. Is m a composite number?
True
Let g be 3 + ((-3916)/(-1))/4. Suppose -g - 1889 = -9*x. Is x composite?
True
Suppose -g = 2 + 6. Let u = g + 13. Suppose -3*m = 4*b - 874, -m = 5*b - u*m - 1077. Is b composite?
True
Let u be (2 + 3 - 9) + 2. Is (6796/(-8) + -4)*u a prime number?
False
Suppose -2*t = -3*v + 1332, t = 4*v + v - 2227. Let h = 987 - v. Is h a composite number?
False
Let l(j) be the first derivative of -5*j**4/4 - 7*j**3/6 - 11*j**2/2 + 7. Let g(x) be the second derivative of l(x). Is g(-7) composite?
True
Suppose -8 = -14*x + 10*x. Suppose x*a = 2850 + 1108. Is a composite?
False
Suppose -3*q = -t - 7, 5*t = -3*q + q - 1. Let k be 198/1 - q/1. Let m = k - 107. Is m a prime number?
True
Let n(j) = 1283*j - 262. Is n(3) composite?
True
Let s = 29 + 45. Suppose 4*g + 142 = -s. Let h = g + 88. Is h prime?
False
Let m(n) = -2*n**3 + 2*n**2 - 2*n - 10. Let b(x) = 3*x**3 - x**2 + 2*x + 9. Let o(g) = 3*b(g) + 2*m(g). Is o(3) composite?
False
Let k(b) = b**3 + 53*b**2 + 18*b - 257. Is k(-50) prime?
True
Suppose 37 = i + 5*v - 611, i - 5*v = 658. Is i a composite number?
False
Let b = 98 + -98. Suppose b = 13*q - 5*q - 8072. Is q composite?
False
Suppose 19*j + 730 + 10632 = 0. Suppose c + 2556 = 4*c. Let l = j + c. Is l composite?
True
Let j = 3345 - 2200. Suppose 4*k + 1140 = 5*h, -5*h + j = 3*k - 6*k. Let a = 25 + h. Is a prime?
True
Let a(n) = 3*n - 6. Let j be a(3). Suppose -3 = -3*y, -j*c + 4*y + 5699 = -0*y. Is c composite?
False
Let q be 0 + 0 + (-48)/(-6). Let v = -8 + q. Let n(g) = g + 1097. Is n(v) a prime number?
True
Let i be (-95)/(4 - (-159)/(-39)). Suppose -4*w + i = w. Let h = -30 + w. Is h prime?
False
Let v = -123 - -117. Let c(x) = 7*x**2 - 17*x + 5. Let s(j) = 11*j**2 - 26*j + 7. Let q(t) = 8*c(t) - 5*s(t). Is q(v) composite?
True
Let p(h) = -52*h + 2. Let n be p(4). Let q = n - -73. Let k = -22 - q. Is k a prime number?
False
Suppose 0 = 7*i - 171085 + 44938. Is i prime?
False
Let s(u) be the first derivative of 18*u**3 + 5*u**2/2 - 3*u + 1. Suppose -5*t - 15 = -5*n, -1 = n + t - 2. Is s(n) a prime number?
True
Suppose 38746 - 10420 = 6*z. Is z a composite number?
False
Let f(k) = 3*k - 5. Let n 